 divided by v.
23
Suppose 67 = 4*j + v - 69, 3*j + 5*v - 102 = 0. Calculate the remainder when j is divided by 18.
16
Suppose -2*l = 4*i + i - 148, l = i - 31. What is the remainder when 89 is divided by i?
29
Suppose -5*l + 168 + 7 = 0. Calculate the remainder when l is divided by 10.
5
Let u(f) be the third derivative of f**6/120 + f**4/12 - f**3/2 - 2*f**2. Let q be u(2). Suppose -l + q + 10 = 0. What is the remainder when l is divided by 7?
5
Suppose -3*w + 2*l + 22 = -33, w - 41 = -5*l. Calculate the remainder when w is divided by 11.
10
Let l(g) = -g**3 - 6*g**2 - 4*g - 8. Suppose 5*x + 4*i + 38 = 0, 0*x - 5*x - 40 = 5*i. What is the remainder when 47 is divided by l(x)?
15
Let v(t) be the second derivative of t**3/6 - t**2/2 - 5*t. What is the remainder when 228/16 + (-2)/8 is divided by v(9)?
6
Let u = -72 - -120. Suppose -u = -p + 10. What is the remainder when p is divided by 20?
18
Let k = 17 - 8. Suppose 3*i - 51 = -0*i. Let q = i - 12. Calculate the remainder when k is divided by q.
4
Suppose -10*f = -7*f - 309. What is the remainder when f is divided by 21?
19
Suppose h + i = 2*i + 98, 4*i + 202 = 2*h. What is the remainder when h is divided by 24?
23
Let y(b) = b**2 + 3*b + 6. Let t = 14 + -1. Let m(z) = -z + 8. Let q be m(t). Calculate the remainder when 46 is divided by y(q).
14
Suppose 0 = -4*f + 16 + 24. Calculate the remainder when 14 is divided by f.
4
Suppose -56 - 4 = -3*t - 3*w, 17 = t + 2*w. Calculate the remainder when 114 is divided by t.
22
Let d = -135 + 147. Calculate the remainder when d is divided by 7.
5
Let w = 25 + -13. Suppose -5*b + 57 - w = 0. What is the remainder when b is divided by 6?
3
Let u(m) = m**2 + 2*m - 3. Let z be u(-5). Let j = 4 - 0. What is the remainder when j is divided by (-16)/(-9) + z/54?
0
Let z = 23 + 160. What is the remainder when 5*(z/15 + -1) is divided by 19?
18
Calculate the remainder when -1*((-18 - 3) + 0) is divided by 6.
3
Suppose -4*u - p + 108 = 0, 0*p + 16 = u + 3*p. What is the remainder when 193 is divided by u?
25
Suppose -3 = -k + 6. What is the remainder when k is divided by 4?
1
Let d = -5 - -50. What is the remainder when d is divided by 12?
9
Let n = -5 - -7. Suppose -2 - 2 = -n*o. Calculate the remainder when 5 is divided by o.
1
Suppose -z - 3*z - 36 = 0. What is the remainder when 44 is divided by 50/6 + (-6)/z?
8
Let z(n) = -3*n + 13. Calculate the remainder when z(0) is divided by 5.
3
Let w(g) = -5*g - 75. Calculate the remainder when w(-18) is divided by 8.
7
Suppose 59 + 204 = 4*t + 5*f, 3*t + 3*f = 201. Let y = t + -51. What is the remainder when y is divided by 6?
3
Let o(k) = 14*k**2 + k - 1. What is the remainder when 53 is divided by o(1)?
11
Let k = 98 + -55. Suppose 3*g - n = k, -4*g = -5*n + n - 52. Calculate the remainder when 43 is divided by g.
13
What is the remainder when ((-2)/4)/((-14)/1792) is divided by 22?
20
Suppose -5*o + 7*o - 4 = 0. Suppose 10 = -q - 2*x + 28, -6 = -o*q + 2*x. What is the remainder when 5 is divided by 2/(-1) - (2 - q)?
1
Let u(c) = 2*c**2 + 24*c - 14. What is the remainder when 22 is divided by u(-13)?
10
Suppose 0 = -2*g - 2*g + 4*l + 8, -13 = -2*g - l. Suppose -4*t + 23 = -v + 7, -3*t - g*v + 35 = 0. Calculate the remainder when 19 is divided by t.
4
Let z = 136 + -73. Calculate the remainder when z is divided by 16.
15
What is the remainder when 35 is divided by 16/12 - (-32)/3?
11
Let k(a) = -a**3 + 9*a**2 - 5*a - 5. Let z(x) = 5 - 4*x**2 + x**3 - 2*x + 2 - 3*x. What is the remainder when k(8) is divided by z(5)?
5
What is the remainder when 55 is divided by 3*(-1)/(9/(-84))?
27
Suppose p - 243 + 54 = 0. Let n = -133 + p. Suppose 4 = -u + n. Calculate the remainder when u is divided by 18.
16
Let w(z) = z**3 + 4*z**2 - 12*z. Calculate the remainder when 103 is divided by w(-5).
33
Let y(h) = -h**3 - 4*h**2 + 11. What is the remainder when 53 is divided by y(-4)?
9
Suppose 2*u = 8 - 6. Calculate the remainder when 3 is divided by u.
0
Let l(q) = q + 18. What is the remainder when 8 is divided by l(-11)?
1
Suppose 22 + 4 = 2*z. What is the remainder when 48 is divided by z?
9
Suppose 28*l + 28 = 32*l. Calculate the remainder when (-3)/12 + 105/4 is divided by l.
5
Suppose 0 = 4*m - 2*c - 96, 0 = 2*m - 3*m + 5*c + 33. Let v = 28 + -20. What is the remainder when m is divided by v?
7
Suppose -5*q - 5*x = -3*q - 21, -5*q + 10 = 4*x. What is the remainder when 9 is divided by q + (-12)/(1 - 3)?
1
Let y(l) = l**3 - 3*l**2 - 3*l + 1. Let i be y(4). Let v = i + 0. Suppose 1 = v*k - 39. What is the remainder when 22 is divided by k?
6
Suppose 3*o - 600 = -0*y - 5*y, -4*y - 2*o + 478 = 0. What is the remainder when y is divided by 40?
37
Suppose -45 = -2*a + l, 3*l - 69 = -3*a + 5*l. Calculate the remainder when a is divided by 6.
3
Suppose 4*q = 4*j + j + 45, 0 = 4*q + 4*j. Suppose 3*z + 4*u - 96 = z, -2*z = q*u - 94. Let h = z - 16. Calculate the remainder when h is divided by 19.
17
Suppose 0 = 2*y - 8 - 4. Suppose -12 - y = -3*k. Suppose -k*a + 65 = -a. Calculate the remainder when 51 is divided by a.
12
Suppose 178 = -0*t + 5*t - 3*c, -t + 3*c + 26 = 0. Calculate the remainder when t is divided by 13.
12
Let f = -139 + 237. Calculate the remainder when f is divided by 25.
23
Let d = 4 - 1. Suppose -d*l + 0*l + 144 = 0. Calculate the remainder when l is divided by 17.
14
What is the remainder when (-25)/(-20) - (-5313)/28 is divided by 64?
63
What is the remainder when 27 is divided by (-868)/(-63) - 4/(-18)?
13
Let q = -31 + 40. Let x = -51 + 19. Let a = -6 - x. What is the remainder when a is divided by q?
8
Suppose -1122 = -5*j + g + 4, -1142 = -5*j - 3*g. Suppose 2*o - j = 4*r, -2*o = o + 4*r - 349. Calculate the remainder when o is divided by 29.
28
Let b = -12 - -5. Let z(n) = n**2 + 9*n + 4. Let x be z(b). Calculate the remainder when 23 is divided by ((-16)/(-10))/(-2)*x.
7
Let n(w) = 2*w**2 - w - 2. Suppose 2*g - 125 = -3*g. Calculate the remainder when g is divided by n(3).
12
Let o = 0 - 0. Calculate the remainder when 19 is divided by 2 + 6 - (o - -1).
5
Suppose -2*x - 32 = -3*x. What is the remainder when x is divided by 5?
2
Let z(g) = -g**2 - 13*g - 6. Let r be z(-13). Let v(a) = -a + 5. Calculate the remainder when 30 is divided by v(r).
8
Suppose 0*u = 2*u - 232. What is the remainder when u is divided by 20?
16
Suppose -2*w = 2*w. Suppose w = -7*r + 3*r + 40. Suppose 0 = x - r + 1. What is the remainder when 17 is divided by x?
8
Suppose -3*g - 3 = -9. Suppose 21 = q + g*q. What is the remainder when q is divided by 7 - (-5)/(10/(-4))?
2
Let g = 12 - 10. Suppose -g*z + c - 6 = -5*z, -21 = -4*z + 3*c. What is the remainder when z is divided by 3?
0
Suppose -251 = -4*b - 4*j + 205, -2*b + j + 225 = 0. What is the remainder when b is divided by 29?
26
Let t be 0/((2 + 0)/1). Suppose t = 5*p - 2*m - 111, 30 + 29 = 3*p - 5*m. Suppose 0*k + k = p. What is the remainder when k is divided by 8?
7
Suppose 0 = -4*v + 4*m + 11 + 5, 3*m = v. Suppose -2*n = 8 + 14. Let o = n + 15. What is the remainder when v is divided by o?
2
Suppose -4*g = 15 - 55. Suppose -k + g = 4. Calculate the remainder when k is divided by 24/3*4/8.
2
Let n be (-2)/(-7) - 108/(-14). Let g = n + 5. Calculate the remainder when g is divided by 8.
5
Let s(c) = -c**2 + 12*c + 3. Suppose k + 1 - 9 = 0. Calculate the remainder when s(k) is divided by 9.
8
Let n = -63 - -103. What is the remainder when n is divided by 14?
12
Let h(v) = -v**2 - 6*v - 6. Let n be h(-6). Let t = -1 - n. Suppose u + 95 = 4*u + l, -u + t*l = -21. What is the remainder when u is divided by 11?
9
Suppose 4*o + 0*o - 348 = 0. Calculate the remainder when o is divided by 30.
27
Suppose -2*c + 3*c = -1. Let a be 0/3*c + 18. Suppose a = 5*t - 32. Calculate the remainder when t is divided by 4.
2
Let s = 2 + 2. Suppose -y = -4*u + 9 + 11, -5*y - s = 4*u. Let j(v) = 10*v + 3. What is the remainder when j(u) is divided by 15?
13
Suppose 3*s - 309 = -96. What is the remainder when s is divided by 24?
23
Let j(w) = -2*w + 29. What is the remainder when 67 is divided by j(6)?
16
Suppose -20 - 7 = -3*o. Let d be -1*(-3)/o*99. Suppose 3*b = 6*b - d. What is the remainder when 31 is divided by b?
9
Suppose 5*a = -2*i + 37, -5*a + 5*i + 61 = i. What is the remainder when 151 is 